4
In base 16, what is 52d85 - -1c?
52da1
In base 13, what is 4301 - -5cc9?
a2ca
In base 7, what is -265014330 + -1?
-265014331
In base 16, what is 6048 + 1ea?
6232
In base 8, what is -4433 + -33343?
-37776
In base 9, what is -3303707 + 137?
-3303560
In base 6, what is -3152353211 + 4?
-3152353203
In base 9, what is -1250841 - 167?
-1251118
In base 7, what is -4 - 52501151?
-52501155
In base 4, what is 12312330210 - 30130?
12312300020
In base 15, what is -181e + -3c418?
-3dc37
In base 10, what is 34 + -6934586?
-6934552
In base 5, what is -33414124142 + -12?
-33414124204
In base 9, what is 11636568 - -40?
11636618
In base 10, what is -17587 - -66?
-17521
In base 8, what is 2734043 - 115?
2733726
In base 15, what is -3e - 4ea1?
-4ee0
In base 15, what is 6bad - -6081?
cc3e
In base 15, what is -17 - 1366a?
-13682
In base 7, what is 6 - 11230000?
-11226661
In base 2, what is -101 + -10110001011010101111010?
-10110001011010101111111
In base 8, what is 5505255650 + 2?
5505255652
In base 14, what is 4152 - 20d1?
2061
In base 11, what is -5420 + 431a?
-1101
In base 11, what is -1a1933 - 66?
-1a1999
In base 9, what is -11566245 - 6?
-11566252
In base 12, what is -3093b777 + 5?
-3093b772
In base 10, what is -1991293 + 17?
-1991276
In base 12, what is 41 + 303409?
30344a
In base 16, what is -4f730 - 540?
-4fc70
In base 5, what is 10140 + -2023342?
-2013202
In base 3, what is -21100110 + 12002121?
-2020212
In base 15, what is 9 + 1e6a2?
1e6ab
In base 11, what is 4 - -21953442?
21953446
In base 14, what is 2cc091d6 + 1?
2cc091d7
In base 8, what is 1625 - -17142?
20767
In base 5, what is -44 - 10023330?
-10023424
In base 15, what is -22 + -85059?
-8507b
In base 14, what is -78d + -303?
-a92
In base 9, what is -58264 - -15?
-58248
In base 11, what is 1625 - -13669a?
138214
In base 11, what is 1a - 13159a?
-131580
In base 13, what is 17b6a3 + 6c?
17b742
In base 2, what is 11 - -11111101111001010101101?
11111101111001010110000
In base 10, what is 498 + 759189?
759687
In base 6, what is 2 + 2215244444?
2215244450
In base 11, what is 518670 - 10?
518660
In base 15, what is -bac423 - 1a?
-bac43d
In base 3, what is -20101 + -2020220212?
-2021011020
In base 9, what is 5 - 441077080?
-441077074
In base 14, what is -521 - b5445?
-b5966
In base 4, what is -2 - 2122030121002?
-2122030121010
In base 14, what is -1696 + -90bb?
-a773
In base 9, what is 4 - -2371287?
2371302
In base 14, what is -143cab9 - 1a?
-143cad5
In base 10, what is -2 - -187788417?
187788415
In base 5, what is 0 - -11432222?
11432222
In base 2, what is 1100 + -10010111101011011101100?
-10010111101011011100000
In base 8, what is 42 + -14575742?
-14575700
In base 9, what is -30 - 356004?
-356034
In base 15, what is -22a + -57603?
-5782d
In base 12, what is 27996327 + -1?
27996326
In base 12, what is 1 + 5065339?
506533a
In base 4, what is -2202 + 11112031?
11103223
In base 2, what is -101 + 1001010010110010010111?
1001010010110010010010
In base 11, what is -5 + -14496520?
-14496525
In base 5, what is 43240110 - -42021?
43332131
In base 16, what is -115d28 + -12d?
-115e55
In base 16, what is 4 + -3b1f6d?
-3b1f69
In base 10, what is 7795 - 423?
7372
In base 10, what is -209 + -548269?
-548478
In base 4, what is 1300212331 + 213?
1300213210
In base 6, what is 203 + -4433535?
-4433332
In base 2, what is -10110100000 - -11111111001011?
11101000101011
In base 4, what is -21 + 13121212?
13121131
In base 10, what is 407081 - -317?
407398
In base 16, what is c69cc + -21?
c69ab
In base 13, what is -3 + -26b33091?
-26b33094
In base 5, what is 1132231422 - -14?
1132231441
In base 5, what is -443201114 + 2231?
-443143333
In base 4, what is -21100022 - -20323033?
-110323
In base 10, what is 35646 + 982?
36628
In base 6, what is 33050214120 + 3?
33050214123
In base 2, what is 111100011011001 - -11011110?
111100110110111
In base 4, what is -22301013202 + -3?
-22301013211
In base 14, what is 2 + -88b6a6?
-88b6a4
In base 2, what is -1010011000 - -1011001010110101100?
1011001001100010100
In base 12, what is -32 + -31a68?
-31a9a
In base 10, what is -3 + -60395885?
-60395888
In base 5, what is -4 + 1211141304331?
1211141304322
In base 13, what is -3 + 4a786c?
4a7869
In base 6, what is 54050104 + 21?
54050125
In base 9, what is -3060 - 84604?
-87664
In base 8, what is -470152 + -1652?
-472024
In base 9, what is -3 + 685147?
685144
In base 12, what is -3 + 1a48110?
1a48109
In base 2, what is -11100100010011101011101110 + -11?
-11100100010011101011110001
In base 5, what is 1224 - -1314201331?
1314203110
In base 8, what is 31267 + 43565?
75054
In base 12, what is -1583 + 567?
-1018
In base 14, what is a95 - -5706?
639b
In base 5, what is 3043 - 3224302?
-3221204
In base 9, what is -66 + -872011?
-872077
In base 4, what is 312312101130 + 301?
312312102031
In base 13, what is 1 - -5c399b?
5c399c
In base 13, what is -7c7902 - -219?
-7c76b6
In base 5, what is -13210212 - -3034?
-13202123
In base 4, what is -111131 + 210230?
33033
In base 6, what is 412235414 + 12?
412235430
In base 11, what is -87607 - 92?
-87699
In base 2, what is 1010001 - 100010110100011101?
-100010110011001100
In base 4, what is -323232 - 312113?
-1302011
In base 6, what is 2555 - -2153502?
2200501
In base 10, what is 459 + 854279?
854738
In base 8, what is -265213 + 150?
-265043
In base 8, what is -72 + -137127?
-137221
In base 13, what is 29492 + -37?
29458
In base 5, what is -2221243234 + 3?
-2221243231
In base 2, what is 1110000 - -10101001101111010110?
10101001110001000110
In base 15, what is -d2 - adae?
-ae91
In base 13, what is -4 + 752671?
75266a
In base 5, what is 430214 - 230221?
144443
In base 12, what is -b0 - -19a49a?
19a3aa
In base 12, what is -540b60 - 1?
-540b61
In base 5, what is 23202412340 + 2?
23202412342
In base 16, what is 26133 - 128?
2600b
In base 13, what is 16 + 50bb9c?
50bbb5
In base 3, what is -11211212221 - 12200122?
-12001120120
In base 11, what is -1 + -1a73a116?
-1a73a117
In base 8, what is -1053 - -45316?
44243
In base 2, what is -11 + -11011001100001111000011?
-11011001100001111000110
In base 3, what is 101202101 + -120021221?
-11112120
In base 16, what is 35 + -70ff6b?
-70ff36
In base 8, what is 50314373 + -4?
50314367
In base 11, what is a - 5a96319?
-5a9630a
In base 5, what is 1430342 + 1440114?
3421011
In base 12, what is 178763b47 - -2?
178763b49
In base 6, what is -12131 + 3033012?
3020441
In base 6, what is 2440 - 32001?
-25121
In base 12, what is 43a1 + -38b96?
-347b5
In base 11, what is 1a5aa07 + 26?
1a5aa32
In base 2, what is -101010110101011100 + 111100110001?
-101001111000101011
In base 15, what is 1 + 20437?
20438
In base 11, what is 90 - a51?
-971
In base 3, what is 1002022200100012 + 12?
1002022200100101
In base 6, what is -41511 - 250555?
-332510
In base 16, what is -2769d + 14?
-27689
In base 9, what is -12 - -135641?
135628
In base 11, what is -290 + -72531?
-72811
In base 3, what is 12 - 1022222212010?
-1022222211221
In base 5, what is -2433122 + -2321?
-2440443
In base 6, what is -112532110 + 3?
-112532103
In base 7, what is -26353543 + -13?
-26353556
In base 8, what is 24561 - 4202?
20357
In base 3, what is 200202 - -1020220002?
1021120211
In base 5, what is 141120200 - -404?
141121104
In base 16, what is a78275 + d?
a78282
In base 11, what is -7317 + 1464?
-5963
In base 10, what is 47 - 9800106?
-9800059
In base 5, what is 133024214 - -24?
133024243
In base 5, what is 133220141 - -1?
133220142
In base 5, what is -3342 - -10233112?
10224220
In base 12, what is 324 + 13546?
1386a
In base 9, what is -182333887 - -5?
-182333882
In base 16, what is -4 - -b2ca70?
b2ca6c
In base 6, what is 544233343 - -4?
544233351
In base 11, what is 297 + -369556?
-36926a
In base 7, what is -651614 - 345?
-652262
In base 10, what is 335215 + -4?
335211
In base 9, what is 1312 + 4735?
6147
In base 4, what is -21 + -21112?
-21133
In base 11, what is -63816a2 - -2?
-63816a0
In base 11, what is -47a + 813419?
812a4a
In base 7, what is 5 - 304421233?
-304421225
In base 2, what is 10101110 + 10101101101110110001?
10101101110001011111
In base 5, what is -3 - -1131330103?
1131330100
In base 9, what is -1207 - -45130?
43822
In base 7, what is -5 + 10305461?
10305453
In base 11, what is 1 + 2374768?
2374769
In base 10, what is -3 + 